 -35. What is the remainder when d is divided by 12?
11
Let h(m) = -m + 7. Calculate the remainder when (-32)/4*(-5)/2 is divided by h(0).
6
Let w be 0*(0 + -1)/2. Suppose -6*v + v = 5*q + 210, w = -v - 2*q - 38. What is the remainder when v*(0 + 2/(-4)) is divided by 8?
7
Let c = -4 + 67. What is the remainder when c is divided by ((-99)/12)/((-3)/8)?
19
Suppose 5*x + 11 = 3*o - 25, -x = 5*o - 32. Let v be (0 + 1)*8*2. Suppose -3*g = g - v. Calculate the remainder when o is divided by g.
3
Let x = 136 - -32. What is the remainder when x is divided by 43?
39
Let r(g) = -g**3 - 9*g**2 - 4*g + 7. What is the remainder when r(-9) is divided by 22?
21
Suppose 14 = 11*p - 4*p. Let c = -4 + 2. Let v = c - -3. What is the remainder when p is divided by v?
0
Let f(k) = -15*k**3 - 2*k**2 + 2*k + 2. Let p be f(-2). Calculate the remainder when p/6 - 3/9 is divided by 10.
8
Let w(l) = 48*l - 2. What is the remainder when w(1) is divided by 7?
4
Suppose -24 + 9 = -2*s + 3*y, -5*s + 21 = -2*y. Suppose -s*k - 4 = 2. Calculate the remainder when 67 is divided by 18 - -7 - k/(-1).
21
Suppose 2*x = -x + 261. What is the remainder when x is divided by 18?
15
Let q(r) = -15*r**3 + 3*r - 1. Let d be q(-3). Suppose -550 - d = -3*y. Suppose -5*b - 10 = -y. What is the remainder when b is divided by 21?
19
Let x(z) = -2*z - 1. Let q(r) = -r - 7. Let d be q(-6). Calculate the remainder when 2 is divided by x(d).
0
Let j = 17 + -28. Let i = j + 24. What is the remainder when i is divided by 4?
1
Let i(u) = 10*u**2 - 3*u + 2. Let d be i(3). Suppose 0 = 3*s - 22 - d. What is the remainder when s is divided by 18?
17
Suppose 0 = x - 4*i + 23, -4*i + 29 = -3*x - 0*x. Suppose 0*g = c + 3*g - 4, -2*c = -2*g + 8. Calculate the remainder when 12 is divided by 6 - (-2 + (c - x)).
5
Suppose 3*h = -3*r + h + 10, -2*h = -r - 2. Suppose i + r*i = 135. Calculate the remainder when i is divided by 16.
13
Let f = 198 - 109. Let t(z) = 2*z + 5. What is the remainder when f is divided by t(9)?
20
Suppose 3*c = 3*z - 2*z - 9, c + 14 = 4*z. Let d(w) = w**2 + 2*w + 2. Calculate the remainder when d(c) is divided by 1.
0
Suppose -10 - 6 = -4*i. Suppose -79 = -i*b + 121. What is the remainder when b is divided by 26?
24
Let f = 1 + 1. Suppose -6 + 18 = 3*a. Let x = a - f. What is the remainder when 7 is divided by x?
1
Calculate the remainder when 28 is divided by (-2)/(-4)*(30 + 0).
13
Let v be -9*(0 - -3) + 4. Let x = 34 + v. Calculate the remainder when (-14)/3*18/(-2) is divided by x.
9
Suppose 0 = 2*t - 2, 0*g - 3*g + 52 = -2*t. Calculate the remainder when g is divided by 5.
3
Let f be (-1)/(-6) - (-1001)/42. Suppose 3 + f = 3*w. What is the remainder when 23 is divided by w?
5
Let v = -6 + 7. Suppose v = -4*l + 13. Calculate the remainder when 10 is divided by l.
1
Suppose 2*t = 3*k - 1, t + 0*t + 4*k - 5 = 0. Suppose 3*u = 14 + t, -5*u - 25 = -x. What is the remainder when x is divided by 17?
16
Let f(g) = 9*g - 2. Let h be f(3). Let l = h + -11. Calculate the remainder when l is divided by 6.
2
Suppose -7*w + 151 = -73. Calculate the remainder when w is divided by 18.
14
Suppose 6*d - 3*d = 24. What is the remainder when 23 is divided by d?
7
Suppose 4*n - 4*v - 40 = 0, 0*n + 9 = n - 2*v. Let i be 9/2 - (-16)/(-32). Suppose -160 = i*k - 9*k. Calculate the remainder when k is divided by n.
10
Calculate the remainder when 111 is divided by ((-24)/(-8))/((-9)/(-69)).
19
Let s = -7 - -11. Suppose -6 = s*g - 22. Suppose -2*x = 3*n + 5, -4*n = -x + 10 + 4. Calculate the remainder when g is divided by x.
0
Let g be (68 - -7)/(2/(-10)). Calculate the remainder when 8/(-6)*g/10 is divided by 17.
16
Suppose 14*n - 68 = 10*n. Calculate the remainder when n is divided by 7.
3
Let f(k) = -k + 14. Let a be f(0). Suppose 156 = 3*q + 147. Calculate the remainder when (0 + 1)/(2/a) is divided by q.
1
Suppose -6 = 3*p - 0*p. Let l(s) = s + 2. Let g(x) = 2. Let z(o) = 5*g(o) - 6*l(o). What is the remainder when 19 is divided by z(p)?
9
Let k be ((-4)/6)/(1/(-33)). Let i = k + -14. What is the remainder when (-2)/7 + 214/14 is divided by i?
7
Let i(b) = b**2 + 17*b + 18. Calculate the remainder when 5 is divided by i(-16).
1
Suppose -2*r + 5*r - 9 = 0. Let b be (-1)/(-9)*r*-21. Let f = 10 + b. What is the remainder when 6 is divided by f?
0
Let z(g) = -g**3 + 17*g**2 + 41*g - 14. What is the remainder when z(19) is divided by 28?
15
Let c(n) = n**2 - 8*n + 1. Let z be c(7). What is the remainder when 56 is divided by (-2 - 1)/(z/30)?
11
Let p = -3 - -3. Calculate the remainder when p + (2 - -1) - -8 is divided by 6.
5
Let y(o) = o**2 - 10*o - 9. Let u be (28/35)/(2/5). Calculate the remainder when u/7 + (-33)/(-7) is divided by y(11).
1
Let x be (-301)/(-4) - (-2)/(-8). Suppose -5*r + 0*o + 5*o - x = 0, o = -2*r - 33. Let w = -7 - r. What is the remainder when 17 is divided by w?
8
Suppose -y - 233 = -3*k, -2*k + 2*y - 227 = -5*k. Calculate the remainder when k is divided by 26.
25
Suppose j = c + 78, -4*j - 88 = -5*j - c. Let y = 1304 + -1283. What is the remainder when j is divided by y?
20
Let o be (-1 + 0 - 0) + 82. Suppose o - 3 = 5*n - 4*y, -n + 2*y = -12. What is the remainder when n is divided by 5?
3
Let b(m) = m**2 - m + 16. What is the remainder when 46 is divided by b(0)?
14
Let d(p) = p**2 - 1. Let z(n) = -8*n**2 - 8*n + 12. Let m(o) = -6*d(o) - z(o). What is the remainder when ((-212)/8)/(2/(-4)) is divided by m(-6)?
17
Let b = 11 - -5. Calculate the remainder when 46 is divided by b.
14
Suppose w + 2 = 2*a + 5, 0 = 3*a + w - 8. Calculate the remainder when ((-40)/30)/((-4)/6) is divided by a.
0
Suppose -3*l = -2*q + 15, -6 = -2*q - 5*l + 1. What is the remainder when q is divided by 4?
2
Suppose 0 = 2*k + 3*k - 190. Suppose 3*c - 53 - 7 = 0. What is the remainder when k is divided by c?
18
Let s(m) = m**3 - 6*m**2 + m - 10. Let l = 5 - 2. Suppose -l*k = -4*k + 24. Calculate the remainder when s(7) is divided by k.
22
Let h(j) = 2*j**2 - 4*j - 5. Let a be h(8). Suppose 5*w + 4*d - 29 - 83 = 0, 0 = 5*w - 3*d - a. What is the remainder when w is divided by 11?
9
What is the remainder when 101 is divided by 25 + -4*(-3)/12?
23
Let x(h) = h + 18. Let n(g) = 4*g + 7. What is the remainder when n(6) is divided by x(-7)?
9
Let w(z) = -21*z**3 - 2*z**2 - 2*z - 7. Let l(a) = 10*a**3 + a**2 + a + 4. Let m(o) = 5*l(o) + 3*w(o). Calculate the remainder when 33 is divided by m(-1).
9
Let v(j) = 6*j**2 - j. Suppose -g = g - 16. What is the remainder when g is divided by v(1)?
3
Let i(l) = l**3 - 13*l**2 + 9*l - 30. What is the remainder when i(13) is divided by 18?
15
Suppose -9*o + 153 = -8*o. What is the remainder when o is divided by 26?
23
Let x = 5 + 14. What is the remainder when x is divided by 11?
8
Suppose 6*p + m - 15 = p, 5*p + 4*m - 30 = 0. What is the remainder when 31 - (p + 3 - 3) is divided by 8?
5
Let d = -17 + 18. What is the remainder when 3 is divided by d?
0
Let p = -14 + 31. Let b(m) = -m**3 - 3*m**2 + 2*m - 5. Let d be b(-4). Suppose 2*n + 9 = d*n. What is the remainder when p is divided by n?
8
Let k = 519 - 362. Calculate the remainder when k is divided by 40.
37
Let q(h) = 5 - 4 - h**2 + 2*h - 2. Let s be q(1). Suppose s = l + 3 - 4, 4*a - 186 = -2*l. What is the remainder when a is divided by 16?
14
What is the remainder when (-4*309/6)/2*-1 is divided by 35?
33
Suppose 4*n + 2*q = 186, -5*n - 6 + 240 = 3*q. What is the remainder when n is divided by 16?
13
Let i(j) = j**3 + j**2 - j + 5. Suppose 0 = -l + 5*l. Let p be i(l). Suppose p*s = 4*s + 26. Calculate the remainder when s is divided by 14.
12
Let x(u) = -4*u + 7. Let m be x(6). Let q = 3 - m. What is the remainder when q is divided by 7?
6
Let x be (-72)/40 - (-2)/(-10). Calculate the remainder when 17 is divided by 26/3 + x/(-6).
8
Let m be (-4)/(-6) - (-32)/6. Suppose -w - 17 = -m*w - 2*c, 4*w - 32 = 3*c. Let i(p) = p**3 + p + 9. Calculate the remainder when i(0) is divided by w.
4
Suppose 5*w - 2*w + 43 = i, i + w - 23 = 0. Suppose 3*d = -8 + 38. Calculate the remainder when i is divided by d.
8
Suppose 0 = 4*o + 7*z - 3*z - 68, 11 = o + 4*z. Calculate the remainder when 34 is divided by o.
15
Suppose -8*j = 54 - 166. Calculate the remainder when j is divided by 4.
2
Let k(v) = v + 13. Calculate the remainder 